{"id":46,"date":"2020-04-22T09:15:17","date_gmt":"2020-04-22T09:15:17","guid":{"rendered":"https:\/\/infirmier-calabuig-ronald.fr\/?page_id=46"},"modified":"2025-05-20T11:33:05","modified_gmt":"2025-05-20T11:33:05","slug":"pratiques","status":"publish","type":"page","link":"https:\/\/infirmier-calabuig-ronald.fr\/?page_id=46","title":{"rendered":"Pratiques"},"content":{"rendered":"\n<p class=\"has-text-color\" style=\"color:#000000\">Les soins infirmiers sont r\u00e9alis\u00e9s uniquement sur prescription m\u00e9dicale et le cabinet est conventionn\u00e9 par la S\u00e9curit\u00e9 sociale.<\/p>\n\n\n\n<p class=\"has-text-color\" style=\"color:#000000\">Les soins d\u00e9livr\u00e9s par votre infirmier sont tous ceux que son dipl\u00f4me lui permet.<\/p>\n\n\n\n<p class=\"has-black-color has-text-color has-link-color wp-elements-dc12f2032f2f75b9219a96646990009b\">Par ailleurs, depuis d\u00e9cembre 2023, je suis habilit\u00e9 \u00e0 prescrire et inject\u00e9 l&rsquo;ensemble des vaccins du calendrier vaccinale pour toutes personnes non immuno- d\u00e9prim\u00e9es, d\u00e8s l&rsquo;\u00e2ge de 11 ans.<\/p>\n\n\n\n<p class=\"has-black-color has-text-color has-link-color wp-elements-f525513c58517c4932bd0e039eac8ce3\">Je suis \u00e9galement habilit\u00e9 \u00e0 faire les certificats de d\u00e9c\u00e8s.<\/p>\n\n\n\n<p><\/p>\n","protected":false},"excerpt":{"rendered":"<p>Les soins infirmiers sont r\u00e9alis\u00e9s uniquement sur prescription m\u00e9dicale et le cabinet est conventionn\u00e9 par la S\u00e9curit\u00e9 sociale. Les soins d\u00e9livr\u00e9s par votre infirmier sont tous ceux que son dipl\u00f4me lui permet. Par ailleurs, depuis d\u00e9cembre 2023, je suis habilit\u00e9 \u00e0 prescrire et inject\u00e9 l&rsquo;ensemble des vaccins du calendrier vaccinale pour toutes personnes non immuno- [&hellip;]<\/p>\n","protected":false},"author":1,"featured_media":0,"parent":0,"menu_order":2,"comment_status":"closed","ping_status":"closed","template":"","meta":{"jetpack_post_was_ever_published":false,"footnotes":""},"class_list":["post-46","page","type-page","status-publish","hentry"],"jetpack_sharing_enabled":true,"jetpack_shortlink":"https:\/\/wp.me\/PaCt1Z-K","_links":{"self":[{"href":"https:\/\/infirmier-calabuig-ronald.fr\/index.php?rest_route=\/wp\/v2\/pages\/46","targetHints":{"allow":["GET"]}}],"collection":[{"href":"https:\/\/infirmier-calabuig-ronald.fr\/index.php?rest_route=\/wp\/v2\/pages"}],"about":[{"href":"https:\/\/infirmier-calabuig-ronald.fr\/index.php?rest_route=\/wp\/v2\/types\/page"}],"author":[{"embeddable":true,"href":"https:\/\/infirmier-calabuig-ronald.fr\/index.php?rest_route=\/wp\/v2\/users\/1"}],"replies":[{"embeddable":true,"href":"https:\/\/infirmier-calabuig-ronald.fr\/index.php?rest_route=%2Fwp%2Fv2%2Fcomments&post=46"}],"version-history":[{"count":8,"href":"https:\/\/infirmier-calabuig-ronald.fr\/index.php?rest_route=\/wp\/v2\/pages\/46\/revisions"}],"predecessor-version":[{"id":236,"href":"https:\/\/infirmier-calabuig-ronald.fr\/index.php?rest_route=\/wp\/v2\/pages\/46\/revisions\/236"}],"wp:attachment":[{"href":"https:\/\/infirmier-calabuig-ronald.fr\/index.php?rest_route=%2Fwp%2Fv2%2Fmedia&parent=46"}],"curies":[{"name":"wp","href":"https:\/\/api.w.org\/{rel}","templated":true}]}}